tor of 5144477 and 559.
559
What is the highest common divisor of 12754 and 1498?
14
What is the greatest common divisor of 55760 and 510?
170
Calculate the greatest common divisor of 1512 and 3130344.
504
What is the highest common divisor of 268000 and 5896?
536
What is the greatest common factor of 787868 and 4310?
862
What is the highest common factor of 375 and 20415?
15
What is the greatest common divisor of 1403 and 3050?
61
What is the highest common divisor of 1125 and 71125?
125
What is the highest common factor of 111 and 385281?
111
Calculate the highest common divisor of 693 and 7689.
33
What is the highest common divisor of 6588 and 702?
54
What is the highest common divisor of 28 and 151732?
28
What is the highest common factor of 34 and 2395555?
17
Calculate the greatest common factor of 172088 and 588.
196
Calculate the highest common factor of 55794 and 1632.
102
What is the highest common divisor of 85026 and 8214?
222
What is the highest common factor of 160 and 19640?
40
What is the greatest common divisor of 547768 and 1144?
104
What is the greatest common divisor of 62 and 8339?
31
Calculate the highest common factor of 5055264 and 36.
36
What is the greatest common factor of 216296 and 1520?
152
Calculate the highest common factor of 1887 and 29.
1
Calculate the greatest common factor of 260 and 117156.
52
Calculate the greatest common divisor of 1044 and 1263936.
348
What is the highest common factor of 128 and 101?
1
What is the greatest common factor of 52300 and 500?
100
Calculate the greatest common divisor of 819 and 240240.
273
What is the highest common divisor of 779 and 608?
19
What is the greatest common divisor of 2112 and 1080640?
704
Calculate the highest common factor of 944 and 3152.
16
Calculate the greatest common divisor of 408 and 104.
8
Calculate the greatest common factor of 3749663 and 4119.
1373
What is the greatest common factor of 149500 and 182?
26
Calculate the highest common divisor of 90139 and 21679.
1141
What is the greatest common divisor of 11 and 8724133?
11
Calculate the highest common factor of 29923 and 115.
23
What is the highest common divisor of 42 and 33754?
14
Calculate the greatest common divisor of 4094 and 87398.
178
Calculate the greatest common factor of 66140 and 20.
20
Calculate the highest common factor of 72775 and 2201.
71
Calculate the greatest common factor of 31360 and 6384.
112
Calculate the highest common factor of 16 and 102.
2
What is the highest common factor of 406 and 13258?
14
Calculate the greatest common divisor of 29 and 5365.
29
Calculate the highest common divisor of 4744 and 36.
4
Calculate the greatest common divisor of 749 and 29639.
107
Calculate the greatest common factor of 312 and 156156.
156
What is the highest common factor of 3724 and 27892?
76
Calculate the greatest common factor of 91277 and 97.
97
Calculate the greatest common factor of 176 and 60434.
22
What is the highest common divisor of 2140 and 20865?
535
Calculate the highest common factor of 325 and 2175.
25
What is the greatest common factor of 38222 and 4?
2
What is the greatest common factor of 22922 and 66254?
314
What is the greatest common factor of 4 and 19946?
2
What is the highest common factor of 280 and 3571960?
280
What is the highest common factor of 1356 and 308829?
339
Calculate the highest common divisor of 1701 and 57267.
567
What is the highest common factor of 459 and 8667?
27
Calculate the highest common divisor of 418100 and 4.
4
Calculate the greatest common factor of 1738 and 4554.
22
Calculate the highest common divisor of 1026 and 31426.
38
Calculate the highest common divisor of 53703 and 10829.
221
What is the greatest common factor of 1652 and 20076?
28
Calculate the highest common factor of 20937 and 12012.
21
What is the highest common divisor of 43734 and 444?
222
Calculate the highest common factor of 17955 and 231.
21
Calculate the greatest common divisor of 1393 and 6395263.
1393
Calculate the greatest common divisor of 16 and 71615.
1
What is the highest common divisor of 600 and 19560?
120
Calculate the highest common divisor of 948 and 7663.
79
Calculate the highest common divisor of 1940 and 815188.
388
What is the greatest common factor of 436608 and 1728?
576
What is the highest common divisor of 5304 and 5032?
136
What is the greatest common factor of 187 and 335?
1
What is the greatest common divisor of 963237 and 1445?
289
What is the highest common factor of 36905 and 60695?
305
Calculate the highest common factor of 403 and 3973177.
403
What is the highest common divisor of 126 and 291060?
126
Calculate the greatest common divisor of 31812 and 52779.
723
Calculate the greatest common divisor of 8 and 23272.
8
Calculate the greatest common divisor of 7849 and 282.
47
Calculate the greatest common factor of 2374238 and 109.
109
What is the greatest common factor of 35 and 3535?
35
Calculate the highest common factor of 65395 and 165.
55
Calculate the highest common divisor of 6357 and 18187.
13
What is the greatest common divisor of 102 and 795?
3
What is the greatest common factor of 670657 and 23?
23
What is the greatest common divisor of 38421 and 108?
27
Calculate the greatest common divisor of 8756 and 1194.
398
What is the highest common divisor of 34846 and 190?
38
What is the greatest common factor of 36678 and 78?
6
Calculate the greatest common factor of 24695 and 1925.
55
What is the greatest common divisor of 728063 and 63?
7
What is the highest common factor of 105786 and 648?
162
What is the highest common divisor of 5427 and 1296?
81
Calculate the greatest common factor of 180 and 57690.
90
What is the highest common factor of 26 and 336?
2
What is the highest common factor of 1307607 and 5964?
1491
Calculate the greatest common factor of 814 and 16005.
11
Calculate the highest common divisor of 13626717 and 78.
39
Calculate the greatest common divisor of 3940947 and 2724.
681
Calculate the greatest common divisor of 24984 and 56.
8
Calculate the highest common factor of 752 and 49068.
188
Calculate the greatest common factor of 7 and 660163.
7
What is the greatest common factor of 96 and 227016?
24
Calculate the highest common divisor of 18 and 1806570.
18
What is the highest common factor of 389851 and 7304?
913
Calculate the greatest common divisor of 547 and 1283809.
547
What is the highest common divisor of 20933 and 7093?
173
Calculate the highest common divisor of 22160 and 496.
16
What is the greatest common factor of 37752 and 26499?
363
Calculate the greatest common divisor of 17784 and 4392.
72
Calculate the highest common factor of 120 and 2072.
8
Calculate the greatest common divisor of 43018 and 30144.
314
Calculate the greatest common factor of 69950 and 250.
50
What is the highest common divisor of 15247 and 386?
193
What is the greatest common factor of 25843 and 5409?
601
What is the greatest common factor of 1325 and 318?
53
Calculate the highest common factor of 1709640 and 27.
27
Calculate the highest common factor of 25 and 62425.
25
Calculate the highest common divisor of 162 and 417798.
162
What is the highest common divisor of 26553 and 4509?
501
Calculate the highest common divisor of 270 and 396900.
270
Calculate the highest common factor of 9570 and 159720.
330
What is the greatest common factor of 274634 and 778?
778
What is the highest common factor of 284310 and 182?
26
Calculate the highest common factor of 2648 and 15557.
331
Calculate the highest common divisor of 250 and 320.
10
What is the highest common divisor of 745347 and 177?
177
What is the greatest common factor of 4260 and 7460?
20
What is the highest common divisor of 5963 and 2492?
89
Calculate the highest common divisor of 166 and 10570.
2
What is the greatest common factor of 3939 and 226543?
101
Calculate the greatest common factor of 3720 and 66840.
120
What is the greatest common divisor of 282814 and 14?
14
What is the highest common divisor of 544 and 10863?
17
What is the highest common factor of 100628 and 44?
44
What is the greatest common divisor of 64261 and 6086?
179
What is the highest common factor of 465 and 4497?
3
Calculate the highest common factor of 1480 and 15910.
370
What is the highest common divisor 